- s - 40 = 0. What is t(s)?
-10
Let a = 1 + 2. Suppose a*l - 2 = 2*l. Let d(g) = 3*g + 1 + l*g**2 - g**2 - 5*g. Calculate d(1).
0
Let s(w) be the second derivative of w**5/20 + 5*w**4/6 - w**3/3 - 7*w**2/2 - 47*w. What is s(-10)?
13
Let v(m) be the second derivative of 3*m**3/2 - m**2/2 + 15*m. Calculate v(1).
8
Let v(i) = i**3 - 3*i**2 - 9*i + 5. Let z be v(5). Let g(u) = -u + 4. Calculate g(z).
-6
Let c(n) = n**2 - 3*n + 3. Let q be 1 + (-3 - -4) + 2. Determine c(q).
7
Let c be 3 - (-3)/(3/(-2)). Suppose -1 - c = -q. Let x(r) = -7*r + 4*r**3 - r**3 + 7*r + 2*r**q - 1. Calculate x(-1).
-2
Let l(t) = -t**3 - 8*t**2 + 7*t - 15. Let v be l(-9). Let q(k) = 5*k + k - 4*k - k**2 + 3. What is q(v)?
0
Let v(o) = -o**2 - o. Let b(t) = -6*t**2 - 4*t + 10. Let k(f) = b(f) - 5*v(f). Give k(0).
10
Let l(y) = y**2 - 5*y + 3. Let g be 4/6 + (-58)/(-3). Suppose 5*q - g = -3*v, -3*v = -2*q - 4 + 12. Determine l(q).
-1
Suppose -h + 3*h = 10. Suppose 24 = -2*v + 4*v - 5*x, -h*v - x = -6. Let p(k) = -2*k**2 - 4*k**2 - 6*k**3 + 5*k**3 - 2 + 5*k**v. What is p(-2)?
2
Let p(z) = -z**3 - z**2 - 1. Let q(k) = 5*k**2 - 2*k + 2. Let f(y) = -p(y) - q(y). Let n = -5 + -7. Let a be (4/n)/(2/(-12)). Give f(a).
-5
Let a(s) = s - 2. Let u be a(2). Suppose -4*z - z - 25 = u. Let h(b) = 1 + 0 - 7 - 2*b. Determine h(z).
4
Let o(b) = b**2 - 8*b + 3. Let z = -13 - -16. Give o(z).
-12
Let r(n) = -n**3 - 2*n**2 - n + 3. Let c be r(0). Let b(y) = y**2 - 2*y. Calculate b(c).
3
Let t(c) = c + 1. Let x be t(3). Suppose -f = -1 - 1. Suppose -z + 3 = -b, 2*b - x = -4*z + f. Let g(i) = -i**2 + i + 1. What is g(z)?
-1
Suppose 2*d = 1 + 3. Let x(i) be the first derivative of -i**3/3 + i**2 + 2*i + 5. Give x(d).
2
Let a(n) be the second derivative of n**5/20 + 7*n**4/12 + n**3 + 3*n**2 + 2*n. Give a(-6).
6
Suppose -10 = -q - 4*q. Let h be 1 + 0 - (-6 + 5). Let v(j) = -2*j + q*j**2 - h + 4 + j**2. Give v(2).
10
Suppose -4 + 1 = -3*y. Let i(j) = j**3 + 5*j**2 + 5. Let l be i(-5). Suppose l*w - 6 = -y. Let g(x) = -4*x**2 - x. What is g(w)?
-5
Suppose 0*w - 4 = -2*w. Let r(o) = 0 - o + 5 + w. Calculate r(0).
7
Let r(m) = 2*m**2 + 3*m - 3. Let h(t) = -2*t - 2. Let g be h(-2). Let x(q) = 5*q - 5*q + g + q. Let s be x(-5). Determine r(s).
6
Let c = 5 + -2. Let p(h) = 3*h**2 + 1 - h - c*h**3 + 4*h**3 + 0*h**2. Let o = 36 + -40. Give p(o).
-11
Suppose -10*i + 4 = -14*i. Let a(t) = -14*t**3 + t + 1. Give a(i).
14
Let c(n) be the first derivative of -n**4/4 + n**3 + 2*n**2 - 6*n + 8. Calculate c(4).
-6
Let x(t) be the third derivative of -t**5/30 + 5*t**4/12 + t**3/2 + 2*t**2. Let q(b) = -2*b**2 + 9*b + 2. Let m(n) = 6*q(n) - 5*x(n). Give m(2).
-3
Let t(z) = z + 14. Let g be t(-12). Let h(m) = -2*m**g + 2*m**2 - 2*m**3 - 6*m**3. Let v(c) = c**2 - 4*c + 3. Let r be v(2). What is h(r)?
8
Suppose -2*f + 3*f - 4 = 0, 4*p + 5*f - 4 = 0. Let g(q) be the second derivative of -2/3*q**3 + 0*q**2 - q + 0 - 1/12*q**4. Calculate g(p).
0
Let l(r) be the first derivative of -r**2 + r - 1. Suppose -9 = y + 6*p - 9*p, p + 7 = -3*y. Calculate l(y).
7
Let j(w) = -4*w - 1. Let c(o) = -21*o - 4. Let q(a) = -2*c(a) + 11*j(a). Suppose -5*p - 2*v = 25, -2*p - 3*v + 0*v - 10 = 0. Give q(p).
7
Let m = 9 + -6. Suppose 2*y = -m - 5. Let i(o) = 1. Let n(a) = -a - 9. Let l(v) = 4*i(v) + n(v). What is l(y)?
-1
Let t(q) = 0*q + 32 - q**2 + 4*q - 32. Let c(d) = d + 5. Let o be c(-5). Let a = o + 5. Calculate t(a).
-5
Let d(q) = -q - 2. Let c be 1/(-4) - (4 + (-14)/(-8)). Give d(c).
4
Let k = 11/24 - 1/8. Let b(d) be the second derivative of 0 - 1/20*d**5 - 1/2*d**2 - 2*d + k*d**4 - 1/6*d**3. Determine b(4).
-5
Let g(v) be the second derivative of -v**8/6720 + v**7/420 - v**6/180 + 7*v**5/120 - v**4/6 - 5*v. Let c(u) be the third derivative of g(u). Calculate c(5).
12
Let z(i) be the first derivative of i**3/3 - 3*i**2 - i + 3. Calculate z(5).
-6
Let s = -8 + 13. Suppose 3*w + 2 = -i, -s*w = i - 0*i. Let z(g) be the third derivative of -g**6/120 - g**5/10 - 5*g**4/24 + 5*g**3/6 + g**2. Give z(i).
5
Let q(k) = 6*k - 1. Let j(o) = o**3 - 11*o**2 - o + 14. Let w be j(11). Let d(g) = 7*g - 2. Let u(s) = w*q(s) - 2*d(s). Give u(-1).
-3
Let z(h) be the third derivative of -h**8/20160 + h**7/840 - h**6/80 - h**5/10 + 5*h**2. Let d(t) be the third derivative of z(t). Give d(6).
-9
Let w(r) be the first derivative of r**7/840 + r**6/120 + r**5/60 + r**4/8 + 5*r**3/3 - 4. Let o(f) be the third derivative of w(f). What is o(-3)?
-3
Suppose 7 + 2 = -3*z. Let t(y) = -3*y - 2. Calculate t(z).
7
Let m(n) = 4*n**2 - 6*n - 3. Let a(x) = -x**2 + x + 1. Let t(o) = o + 3. Let u be t(-8). Let f(k) = u*a(k) - m(k). Let y = 2 - 4. Calculate f(y).
0
Let b(t) = 3*t - 2*t - 2 - 1. Let y(p) be the second derivative of -p**5/20 - 3*p**4/4 - 4*p**3/3 + 2*p**2 - 2*p. Let j be y(-8). Calculate b(j).
1
Suppose u = -2*n + 1, -n - 2 = 2*u - 13. Suppose p = -2*z + 9, 4*z + u - 31 = 4*p. Let k(b) = 8*b**3 + b. What is k(p)?
-9
Let u be 1/3 + 40/(-30). Let g(y) = 3*y**2. Determine g(u).
3
Let t(f) = -7*f - 6*f**2 + 7*f**2 + 0 + 5. Give t(5).
-5
Suppose 77*u + 28 = 73*u. Let d(c) = -2*c. Calculate d(u).
14
Suppose -x + 5*i = x - 6, -2*i - 2 = -x. Let j be (8/(-14))/(x/14). Let k(r) = r**3 - 4*r**2 + 2*r - 4. What is k(j)?
4
Suppose -3*b - b = -4. Let s(r) = 2*r - r**2 + b + 2*r - 5*r. Let k be 1 + -3 + -5 + 8. Give s(k).
-1
Let a = 9 - 5. Let b(h) = 5*h**2 + 3*h + 4. Let f(t) = t**2 + 1. Let n(p) = -b(p) + 6*f(p). Calculate n(a).
6
Suppose 0 = -2*m - m - 12. Let k(f) = f**2 + 5*f + 6. Give k(m).
2
Let l(k) = -k**2 - k - 8. Let x = -77 + 77. Calculate l(x).
-8
Let t(q) = 11*q**2 - 2*q + 1. Let d(h) be the second derivative of h**3/6 - h**2/2 - 3*h. Let u(k) = -2*d(k) - t(k). Calculate u(-1).
-10
Suppose b + 3 = -2*b. Let p(u) be the third derivative of u**5/12 + 7*u**3/6 + 4*u**2. Let t(z) be the first derivative of p(z). Calculate t(b).
-10
Let f(t) = 7*t - 1. Let b(q) = -q + 3. Let l be b(5). Give f(l).
-15
Let p be ((-1)/1)/(6/(-12)). Let j(h) = 5*h**2 + p + 4 - 5*h**2 - 5*h - h**2. Give j(-6).
0
Let n = -4 - -9. Suppose v = -5*k + 11, -5*k + 7*v = 2*v - 5. Let w(l) = l**3 - 4*l**2 + 2*l**2 - 2*l**k + 4 - 7*l. Calculate w(n).
-6
Let m(r) = r**3 + 4*r**2 - 4*r + 5. Suppose -v - 5*y + 22 = 0, 4*y + 12 = 7*y. Let l(g) = g**3 + g**2 - g + 1. Let c(x) = v*l(x) - m(x). Give c(2).
1
Let p(k) = -28 - k - 24 + 101 - 33. Determine p(13).
3
Let v(c) be the second derivative of 5*c**3/6 + c**2/2 - c. Let l be (-16)/(-6)*9/12. Give v(l).
11
Suppose 4 = 6*m + 34. Let i(a) = a**2 + 4*a - 1. Calculate i(m).
4
Suppose -2*v = -5*v + 18. Suppose -g + 2 = v. Let f(c) = -2*c**2 - 7*c - 4. Give f(g).
-8
Let o(n) be the third derivative of 1/6*n**3 - 1/60*n**5 + 0 + 0*n - 1/24*n**4 + n**2. Give o(-1).
1
Let i = 10 - 4. Let u(o) = o**3 - 7*o**2 + 2*o + 6. Determine u(i).
-18
Let n(i) be the first derivative of -i**2/2 + 2*i + 24. Suppose 4*c - 6*c - 22 = -2*b, -17 = -2*b + c. Determine n(b).
-4
Let d(k) be the first derivative of k**2 - 3*k - 48. Let u = 17 + -12. What is d(u)?
7
Let l(n) = 7*n + 5. Let g(p) = p. Let c(h) = 5*g(h) - l(h). Determine c(-7).
9
Let b(a) = a**2 - 1. Let j(k) = 8*k + 10. Let h(z) = -b(z) - j(z). What is h(-6)?
3
Suppose 0 = n + 2. Let g(j) = -j - 4. Determine g(n).
-2
Let t(h) be the first derivative of -h**3/3 + 2*h**2 + h + 8. Let d(b) = -b**3 - 9*b**2 + 3. Let g be d(-9). Determine t(g).
4
Let c(r) = 7*r**2 - r + 1. Let f = 25 - 21. Suppose t + 0 = -3. Let z be f + (-2)/((-2)/t). Determine c(z).
7
Let d(w) = -4 + 4*w + 3*w - 6*w - 6*w - w**2. Calculate d(-4).
0
Let u(g) = 0*g - 3*g**2 + 7 - 2*g + 9*g**2 + g**3 + 6*g. Give u(-6).
-17
Suppose -6 - 13 = s + 5*y, 0 = 5*s - 5*y + 5. Let g(k) be the second derivative of -k**5/20 - 5*k**4/12 - k**3 - k**2/2 + k. What is g(s)?
7
Let y(u) = 22*u**3 + 1. Let l = -138 + 137. Calculate y(l).
-21
Let h(t) = t**3 - 4*t**2 - 9*t + 5. Suppose -3*m + 15 = 0, -3*m + 2*m - 25 = -5*f. Give h(f).
23
Let f(x) = x**3 - 6*x**2. Let c be 8/36 - (-50)/18. Suppose -c*a + 18 = -0*a. Let v be (-28)/(-5) - a/(-15). Calculate f(v).
0
Let t(n) = n**2 - 6*n - 3. Let i be t(8). Let f = i - 13. Let x(c) = c + 1. What is x(f)?
1
Let v(o) = 2*o**3 + 3*o**2 + o - 2. Suppose 4*b - 5*h = -7, 2*b - 2*h = -4*h + 10. Suppose -1 - 3 = b*k. Determine v(